 number?
False
Is 1077503 a composite number?
True
Is 47501299 a prime number?
False
Is 61545895 prime?
False
Is 97463471 composite?
True
Is 1655705 a prime number?
False
Is 9102449 prime?
True
Is 3615863 prime?
True
Is 60585451 composite?
True
Is 8575841 a composite number?
False
Is 336437653 composite?
False
Is 2159 prime?
False
Is 51171551 composite?
True
Is 2143733 a composite number?
False
Is 34868651 composite?
False
Is 27430082 a composite number?
True
Is 7141553 a composite number?
True
Is 105769151 prime?
True
Is 29111651 prime?
True
Is 1554311 a composite number?
True
Is 171220373 prime?
False
Is 16754753 a composite number?
True
Is 38066717 prime?
False
Is 95714263 composite?
False
Is 3492823 composite?
False
Is 1536084989 a composite number?
False
Is 53629751 composite?
True
Is 19364509 prime?
False
Is 24199177 a prime number?
False
Is 107601149 prime?
False
Is 49569367 prime?
True
Is 3747157 prime?
False
Is 56975929 composite?
True
Is 142969661 a composite number?
True
Is 155726117 prime?
True
Is 1347431 composite?
True
Is 2927533 composite?
True
Is 6085427 a prime number?
False
Is 47104597 a prime number?
False
Is 1202989 a composite number?
True
Is 16865213 a prime number?
True
Is 190240201 composite?
False
Is 960709 a prime number?
True
Is 751997 a composite number?
False
Is 2209561 a composite number?
True
Is 1673713 a prime number?
True
Is 213292221 a composite number?
True
Is 77086999 composite?
True
Is 4978839 prime?
False
Is 676691 a prime number?
False
Is 2960651 a prime number?
False
Is 20497549 a prime number?
False
Is 3097639 prime?
True
Is 1652071 prime?
False
Is 22383799 composite?
False
Is 57993797 a composite number?
False
Is 4912081 a composite number?
True
Is 855695219 a composite number?
False
Is 89440679 composite?
False
Is 8101727 prime?
False
Is 5644351 prime?
True
Is 3971257 prime?
True
Is 126515981 composite?
False
Is 646823 composite?
False
Is 480731239 composite?
False
Is 5374973 a prime number?
True
Is 22368363 composite?
True
Is 4388609 a prime number?
True
Is 4531171 composite?
False
Is 12837841 composite?
True
Is 120364351 composite?
True
Is 17474993 a composite number?
False
Is 845849 prime?
True
Is 26633639 prime?
False
Is 25051435 prime?
False
Is 9534619 a prime number?
True
Is 224235127 a composite number?
True
Is 20181247 composite?
False
Is 788651959 a composite number?
False
Is 13475213 prime?
False
Is 3374417 a prime number?
False
Is 4637531 a composite number?
True
Is 230328541 a prime number?
True
Is 713058295 composite?
True
Is 59425703 a prime number?
False
Is 9470839 prime?
False
Is 138356669 composite?
True
Is 1691897 composite?
False
Is 76334261 composite?
False
Is 41222087 prime?
False
Is 28509877 composite?
True
Is 5906683 composite?
False
Is 24269627 prime?
True
Is 7532809 a prime number?
False
Is 166848131 composite?
False
Is 7740001 a composite number?
False
Is 274757 prime?
False
Is 1571941 prime?
False
Is 27350117 a prime number?
True
Is 50134421 composite?
False
Is 56001973 a composite number?
True
Is 54130787 a composite number?
False
Is 141819869 a prime number?
True
Is 156727243 a composite number?
False
Is 93684205 a composite number?
True
Is 189051619 a prime number?
True
Is 8476799 a composite number?
False
Is 94403893 a prime number?
True
Is 3534331 a composite number?
True
Is 2254306 composite?
True
Is 12626201 a composite number?
True
Is 111452405 a prime number?
False
Is 769744943 a prime number?
False
Is 539339 a composite number?
False
Is 1188457 prime?
True
Is 72215081 prime?
False
Is 1254551 composite?
True
Is 12771173 a prime number?
False
Is 11060471 composite?
True
Is 1668847 a composite number?
False
Is 190035869 prime?
False
Is 7603541 a composite number?
True
Is 144611323 composite?
False
Is 23807929 a prime number?
True
Is 1386037 a composite number?
False
Is 483950209 a composite number?
False
Is 1359301163 prime?
False
Is 151780103 prime?
True
Is 6745593 a composite number?
True
Is 20630811 a prime number?
False
Is 336046219 a prime number?
False
Is 139798019 composite?
False
Is 227071811 prime?
False
Is 174017131 a prime number?
True
Is 96840199 prime?
True
Is 3059587 prime?
False
Is 12750509 a prime number?
False
Is 2269699 prime?
True
Is 80732563 a prime number?
True
Is 30654601 a composite number?
False
Is 4215953 a prime number?
False
Is 66443999 a composite number?
False
Is 66896969 composite?
False
Is 4075721 a prime number?
False
Is 13912859 a prime number?
True
Is 45997009 composite?
False
Is 338920397 prime?
True
Is 1986191 a composite number?
True
Is 510871 a prime number?
False
Is 13693921 a composite number?
True
Is 18700787 prime?
False
Is 59302853 composite?
True
Is 28006039 a prime number?
True
Is 6222989 composite?
True
Is 464534831 a composite number?
False
Is 1265588279 a prime number?
True
Is 622301 a composite number?
False
Is 205299209 composite?
False
Is 29421599 a prime number?
True
Is 12396469 composite?
True
Is 25806689 a composite number?
False
Is 720611 a composite number?
False
Is 769219109 composite?
False
Is 892085609 a composite number?
False
Is 22923353 composite?
True
Is 42920543 a prime number?
True
Is 117701278 a prime number?
False
Is 1623785 a prime number?
False
Is 5244107 a prime number?
False
Is 2078107 composite?
False
Is 82463201 a composite number?
False
Is 120229823 prime?
False
Is 159096797 a prime number?
True
Is 5107861 composite?
True
Is 4767079 prime?
True
Is 48902543 a composite number?
False
Is 5477921 a composite number?
True
Is 6668669 a composite number?
True
Is 36857159 composite?
False
Is 549193 a composite number?
False
Is 160224749 a composite number?
True
Is 30090899 a composite number?
False
Is 61316219 composite?
False
Is 1339891 prime?
False
Is 19761593 prime?
True
Is 49446493 a composite number?
True
Is 50845591 composite?
False
Is 172484989 a prime number?
True
Is 4174193 composite?
False
Is 3619459 a composite number?
False
Is 34423153 prime?
False
Is 3018661 composite?
False
Is 36903929 prime?
False
Is 20011657 composite?
False
Is 29383 a prime number?
True
Is 363427121 a composite number?
True
Is 25921547 a prime number?
True
Is 1559713 a composite number?
False
Is 2600561 a prime number?
True
Is 67152607 composite?
True
Is 6262897 a prime number?
True
Is 70022509 prime?
True
Is 1491301 prime?
False
Is 143380558 composite?
True
Is 10922683 prime?
True
Is 45443951 prime?
False
Is 41882627 composite?
False
Is 4479081 prime?
False
Is 7708751 prime?
False
Is 26053607 a composite number?
False
Is 1687118 a composite number?
True
Is 11294719 composite?
True
Is 610721893 a prime number?
False
Is 217099787 a prime number?
False
Is 10378391 a composite number?
False
Is 19817621 composite?
False
Is 27386291 a composite number?
False
Is 274399 prime?
False
Is 364523 a composite number?
False
Is 2330459 composite?
False
Is 949473901 prime?
False
Is 121721731 prime?
True
Is 3404617 a prime number?
False
Is 53735209 composite?
True
Is 120545279 a prime number?
True
Is 3831287 composite?
False
Is 59576021 composite?
True
Is 926175391 a prime number?
False
Is 741154861 a composite number?
False
Is 646965985 composite?
True
Is 1635269 composite?
True
Is 227745979 a prime number?
True
Is 246191273 composite?
False
Is 1567721 prime?
True
Is 97774799 a prime number?
False
Is 44704037 prime?
False
Is 221843749 composite?
True
Is 1479181 a composite number?
True
Is 47840449 prime?
False
Is 68270749 prime?
True
Is 1530411 prime?
False
Is 5007682 prime?
False
Is 31208711 prime?
False
Is 18774211 a prime number?
True
Is 3756073 prime?
True
Is 8297459 a prime number?
True
Is 200512315 a composite number?
True
Is 4505933 a prime number?
False
Is 1037321 a composite number?
True
Is 12035377 composite?
True
Is 183812995 a composite number?
True
Is 46211749 a prime number?
False
Is 454289 prime?
False
Is 1227649 a prime number?
True
Is 15913531 prime?
True
Is 124042103 a composite number?
True
Is 449279 prime?
False
Is 5219317 composite?
True
Is 56501789 prime?
True
Is 824514751 a prime number?
True
Is 3306917 prime?
False
Is 1807307 a prime number?
False
Is 618521 a prime number?
True
Is 5813257 a prime number?
False
Is 20107943 a prime number?
False
Is 9774103 a composite number?
True
Is 2260859 a composite numb